96/8 + (-1)/2?
4
Suppose 0 = 2*w - 0*w - 10. Suppose 0*a - 25 = -w*a. Suppose 2*z - 2*g = 26, 0 = -0*z - 4*z - a*g + 7. What is the units digit of z?
8
Let u = 5 + -12. Let q = 4 - u. What is the tens digit of q?
1
Suppose -4*z + 9*z - 150 = 0. Suppose i + z = 4*i. What is the units digit of i?
0
Let p(r) = -9*r**3 - 1. Let y be p(1). Let f = 29 + y. What is the tens digit of f?
1
Let a(m) = m**3 + 4*m**2 + 2*m + 4. Let y be a(-3). Let j(u) = -u**2 + 9*u - 7. What is the units digit of j(y)?
7
Let k be (-2)/(-7) + (-61)/(-7). Let f = k + -8. What is the units digit of f?
1
Let o = -25 + 24. Let q = o + 19. What is the units digit of q?
8
Let x = 186 - 105. What is the tens digit of x?
8
Suppose 363 = 5*m - 137. What is the hundreds digit of m?
1
Suppose 0 = -4*m + 4*w + 132, 0 = -m - 0*m + 3*w + 31. What is the tens digit of m?
3
Let k = -1 - 2. What is the tens digit of 20/(2 - 0/k)?
1
Let j = 17 + -10. Let v be (60/j)/((-3)/(-21)). Suppose v = 2*k + 3*k. What is the tens digit of k?
1
Let w = -1 + 2. Let c(k) = 0*k + 3 + 3*k - w. What is the units digit of c(2)?
8
Suppose -2*l = -5*l + 30. Suppose -l*k = -12*k + 80. What is the units digit of k?
0
Let w = 983 + -674. Suppose 103 = l + p, -l + 4*l - 4*p = w. Suppose 0 = 4*d - 2*f - l + 27, 0 = -5*f + 10. What is the tens digit of d?
2
Let x = 4 - -2. Let t = -8 + x. Let q = t - -16. What is the units digit of q?
4
Let d(t) = -t**2 + 11*t + 27. What is the units digit of d(11)?
7
Suppose -6*k = -2*k - 28. Let b = -7 + k. Suppose 4 = 4*f - b. What is the units digit of f?
1
Suppose 0*t - 81 = -3*t. Let i = t - 6. What is the units digit of i?
1
Suppose j - 5*j + 260 = 2*m, -5*m + 590 = -2*j. What is the units digit of m?
0
Suppose 3*s + 46 + 9 = 4*x, x - 3*s = 25. Let g = x - 4. Suppose 0*f - 3*f = -g. What is the units digit of f?
2
Suppose 0 = 2*k - 0*k - 104. Let d = -27 + k. What is the tens digit of d?
2
Let u = 56 + 2. What is the units digit of u?
8
Let o(r) = -9*r + 1. Let n = 21 - -3. Suppose n = -4*g + 5*a, 4*a + 8 = -4*g + 20. What is the units digit of o(g)?
0
Let z = 5 + 11. What is the units digit of z?
6
Let q = 106 + -70. What is the tens digit of q?
3
Let m = 28 + -12. Suppose -2*v = -4, 3*v + v = 3*o - m. What is the units digit of o?
8
Let h be (3 - (-20)/(-8))*4. Suppose 0 = -h*c - f + 62, -20 = -c + 7*f - 2*f. What is the units digit of c?
0
Let b be (-61)/(-7) - (-4)/14. Let k = 4 + b. What is the units digit of k?
3
Suppose 99 = -4*v - 17. Let b = v - -49. What is the tens digit of b?
2
Let p(w) = w**3 - 4*w**2 - 5*w - 1. What is the units digit of p(6)?
1
Let x(q) = -q**3 + q**2 + 15. Suppose 4*z = -0*z. What is the units digit of x(z)?
5
Let g = 12 + -9. Suppose -i - 44 = -g*i. What is the tens digit of i?
2
Let h(o) be the first derivative of o**5/20 - o**4/2 + o**3/3 + o**2 - 2*o - 3. Let d(x) be the first derivative of h(x). What is the tens digit of d(6)?
1
Suppose 2*p - 186 = 4*i - 10, -3*i + 83 = p. What is the units digit of p?
6
Suppose -5*r + 25 = j, r + 5*j = 5*r + 9. Suppose -x = -4*g - 3 - 12, r*g = 4*x - 60. What is the units digit of x?
5
Let n(w) = w**3 + 11*w**2 + 9*w + 6. Let o(h) = -10*h**2. Let q be o(1). What is the units digit of n(q)?
6
Suppose 11 + 5 = 4*k. Suppose f + k*f = -5. Let n = f - -8. What is the units digit of n?
7
Suppose -n - 4 = 3*v, -2*v = -3*n - 0*n + 21. What is the units digit of n?
5
Suppose -4*w + 11 = t, 4 - 13 = -t - 5*w. Suppose -2*x - t = -3*x. What is the units digit of x?
9
Suppose -5*h + v + 24 = -18, 2*h + 5*v = 33. Suppose 4*o - 3*o = h. What is the units digit of o?
9
Suppose -1 = -4*t + 3*t, 40 = 5*n + 5*t. Let y(x) = -x + 13. What is the units digit of y(n)?
6
Suppose l - 5*t = 15, 4*l - 4*t - 12 = 7*l. Suppose l = 4*b + 8, -28 = 5*n + b + 14. Let u(z) = -z**3 - 7*z**2 + 8*z + 11. What is the tens digit of u(n)?
1
Suppose 9*i = i + 2696. What is the tens digit of i?
3
Suppose 2*y + b = 10, 6*y = 2*y - 3*b + 16. Let f(m) = 6*m - 10. What is the tens digit of f(y)?
3
Let f(h) = -18*h**3 - h**2. Let z be f(-1). Let p = z + -12. Suppose -p*x + 5*q = -45, -2*q - 3*q - 15 = 0. What is the units digit of x?
6
What is the units digit of -3*(-3)/((-45)/(-440))?
8
Suppose 250 = t + 4*f, 0 = 2*t - t - 5*f - 259. What is the tens digit of t?
5
Let n(o) be the second derivative of o**4/3 - o**3/6 - o**2/2 - o. Let a be n(-1). Suppose -3*w = -a*w + 10. What is the units digit of w?
0
Let f be (3 - 0) + (-7 - -4). Suppose -3*j = 5*q - 101 + 3, f = 5*q - 5*j - 90. What is the units digit of q?
9
Suppose 4 = -a + 46. Suppose -6*b + 8*b = a. What is the tens digit of b?
2
Suppose 13 = 3*r - 23. Suppose -4*o - 6 = -w, o = -5*w + 3*o + r. What is the units digit of 13 + -1 - (w + -3)?
3
Let o = -37 - -75. What is the tens digit of o?
3
What is the hundreds digit of (-40)/(0 + -2)*60/8?
1
Suppose f - 2*i = 2*f - 6, 0 = 2*f + 5*i - 14. What is the units digit of f?
2
Let b = 14 - 11. Suppose a - 17 = w, 0 = 2*a + b*a + 2*w - 71. What is the units digit of a?
5
What is the units digit of (-20)/(-20) + (-1)/(-1)?
2
Let x be 1*5 + (-2)/(-2). Let u = -4 + x. Suppose 3*o + 12 = -0, -2*f = u*o + 2. What is the units digit of f?
3
What is the units digit of ((-325)/(-10) + 1)*2?
7
Let v be ((-3)/(-6))/(2/24). Suppose -c = -4*o + v, 0*o - 15 = -3*o. What is the units digit of c?
4
Suppose 0 = 4*k + k - 20, -8 = -j - 2*k. Suppose -102 = -4*r - 2*u - j*u, 3*r + u - 76 = 0. What is the units digit of r?
5
Let b(a) = -a**3 + 2*a**2 + 3*a - 2. Let v be b(2). Suppose 0 = -v*m + 7 + 69. What is the tens digit of m?
1
What is the units digit of 856/20 + 2/10?
3
Suppose -2*j - 3*j = 2*v + 12, 0 = -5*v + 4*j - 30. What is the tens digit of v/(-1)*(-96)/(-18)?
3
Suppose 5*t = 6*c - 2*c + 81, -2*t - 5*c = -39. What is the units digit of t?
7
Suppose 5*n + 23 = 183. What is the tens digit of n?
3
Let p(k) be the third derivative of -7/60*k**5 - 2*k**2 - 1/3*k**4 + 1/120*k**6 + 0*k + 5/3*k**3 + 0. What is the tens digit of p(8)?
1
What is the units digit of (-12)/15 + (-1390)/(-50)?
7
Suppose -y - 105 = -6*y. Let u = -14 + y. What is the units digit of u?
7
Let q = -42 + 21. Let k = 29 + q. Suppose -k*u = -4*u + 8, -4*u = -4*t + 56. What is the units digit of t?
2
Let k(o) = -3*o + 1 + 2*o - o. Let b be k(-2). Suppose x = b*x - 3*c - 11, -4*x + 2*c + 14 = 0. What is the units digit of x?
5
Let d be -1 + 2/2 + -6. Let g(z) = -2*z - 8. What is the units digit of g(d)?
4
Let y = -12 + 14. What is the units digit of ((-4)/y)/(1/(-8))?
6
Let j = -2 + -2. Let l = 3 - j. Let t(n) = 3*n - 10. What is the units digit of t(l)?
1
Let y(n) = n + 5. What is the units digit of y(13)?
8
Let u(a) = a**3 + 6*a**2 - 8*a + 12. Let x be u(-7). Suppose 2*q + 3*l = -x + 74, 4*l = 4*q - 80. What is the tens digit of q?
2
Let a = 71 + 48. What is the tens digit of a?
1
Let i(o) = -9*o**3 + o**2. Let v be i(-1). Let m = v + 6. Suppose 0 = 5*j - j - m. What is the units digit of j?
4
Suppose 2*r + 0*r - 10 = 0. Suppose c - 4*j + 4 = 0, r*c + 4*j - j = 49. What is the units digit of 3/(-12)*-2*c?
4
Suppose 0 = -t - 0*t - 5*r + 26, 0 = 2*t - r + 3. What is the units digit of 26 - 20 - -4*t?
0
Let k(x) = x + 1. Let f be k(4). Suppose -5*i - 10 = 10, f*u = 4*i + 16. Suppose u = -0*s + 5*s - 30. What is the units digit of s?
6
Let l = 28 - 17. What is the units digit of l?
1
What is the units digit of 6*39 + 11 + -16?
9
What is the units digit of -3 - (0 + -149) - 3?
3
Suppose 0 = 3*a - 2*i - 2, 0 = i - 3 + 4. Let c(t) = 3*t**3 - t. Let f be c(1). Suppose a = z + 1 - f. What is the units digit of z?
1
What is the units digit of ((-20)/8)/((-2)/44 - 0)?
5
Let w(n) = n**3 - 13*n**2 - 3*n + 34. What is the tens digit of w(14)?
8
Suppose 0*q - 2*r - 12 = -2*q, 3*r = -5*q + 30. Suppose u = -u + q. Suppose u*s - 19 = n, -3*n - 7 = -2*s - 8*n. What is the units digit of s?
6
Suppose -2*i + 5*c - 16 = 0, 5*i - 3*c + 4 - 2 = 0. Suppose i*t = -t + 36. What is the tens digit of t?
1
Let p(b) = 9*b - 10. What is the units digit of p(5)?
5
Suppose c - 48 = 15. What is the tens digit of c?
6
Let z be 105/12 + 2/8. Suppose 3*k = 3 + z. Suppose -6*i = -k*i - 4. What is the units digit of i?
2
Suppose 30*t - 28*t - 368 = 0. What is the hundreds digit of t?
1
Let j(i) = i**3 - 6*i**2 + 5*i - 3. Let d b